{"id":161,"date":"2012-12-19T11:31:54","date_gmt":"2012-12-19T11:31:54","guid":{"rendered":"http:\/\/mem-tek.org\/deneme\/?page_id=161"},"modified":"2023-08-10T18:21:12","modified_gmt":"2023-08-10T18:21:12","slug":"membran-otopsisi","status":"publish","type":"page","link":"https:\/\/mem-tek.org\/index.php\/membran-otopsisi\/","title":{"rendered":"Membran Otopsisi"},"content":{"rendered":"<p>Otopsi tan\u0131sal ama\u00e7l\u0131 yap\u0131lan kimyasal ve fiziksel bir incelemedir. Eski grek\u00e7ede kendi manas\u0131ndaki \u201cauto\u201d ve g\u00f6rme manas\u0131ndaki \u201cpsi\u201d kelimelerinden t\u00fcretilmi\u015ftir. \u00d6l\u00fcmlerin sebeplerinin ara\u015ft\u0131r\u0131lmas\u0131ndan a\u015fina oldu\u011fumuz otopsi i\u015flemi membran filtreler ve sistemler i\u00e7inde benzer bir manada kullan\u0131lmaktad\u0131r. Kullan\u0131m \u00f6mr\u00fcn\u00fc doldurmu\u015f veya \u00e7e\u015fitli sebeplerden kullan\u0131lamaz hale gelen membran filtrelerde \u201c\u00f6l\u00fcm\u201d sebebini belirlemek i\u00e7in kimyasal ve fiziksel analizler uygulan\u0131r.<\/p>\n<p>Membranlar genellikle biyot\u0131kanma, metal oksit t\u0131kanmas\u0131, oksidasyon, a\u015f\u0131nma, kil ve mineral \u00e7\u00f6kelmesi problemleri ile\u00a0kar\u015f\u0131la\u015fmaktad\u0131r. Mikrobiyal biyot\u0131kanma ak\u0131 ve giderim oran\u0131n\u0131n azalmas\u0131n\u0131n en \u00f6nemli sebeplerinden biridir. Mikrobiyal biyot\u0131kanma, besleme suyu parametreleri, sistem tasar\u0131m\u0131ndaki hatalar ve \u00f6n ar\u0131tma sistemindeki kusurlar y\u00fcz\u00fcnden meydana gelmektedir.<\/p>\n<p>Membran otopsisi ile t\u0131kanm\u0131\u015f, kimyasal bile\u015feni bozulmu\u015f, fiziksel hasara u\u011fram\u0131\u015f ve filtrasyon g\u00f6revini iyi bir \u015fekilde yerine getiremeyen yani \u00f6mr\u00fcn\u00fc tamamlam\u0131\u015f bir membran al\u0131n\u0131p bu problemleri yaratan ko\u015fullar incelenir. Yap\u0131lan analizler; Fujiwara Testi, SEM-EDS haritalama, FTIR spektrumu al\u0131nmas\u0131, \u00e7\u0131k\u0131\u015f suyu verildiyse at\u0131ksu karakterizasyonu analizleri ve belirtilen probleme \u00f6zel ilave testler.<br \/>\nAnaliz sonu\u00e7lar\u0131n\u0131n derlendi\u011fi, yorumland\u0131\u011f\u0131 ve olas\u0131 \u00e7\u00f6z\u00fcm \u00f6nerilerinin yer ald\u0131\u011f\u0131 bir rapor haz\u0131rlan\u0131r.<\/p>\n<p>Membran otopsisi ile ilgili detayl\u0131 bilgiye ula\u015fmak i\u00e7in <em>Su\/At\u0131ksu Ar\u0131t\u0131m\u0131 ve Geri Kazan\u0131lmas\u0131nda Membran Teknolojileri ve Uygulamalar\u0131<\/em> kitab\u0131n\u0131n <em>Cilt:3 B\u00f6l\u00fcm 18 Membran Teknolojilerinde \u0130\u015fletme ve Bak\u0131m <\/em> k\u0131sm\u0131nda yer alan <em>18.4. Membran Otopsisi<\/em> ba\u015fl\u0131\u011f\u0131 alt\u0131nda bulabilirsiniz. Kitaba Yay\u0131nlar sekmesinden eri\u015febilirsiniz.<\/p>\n<p>Randevu i\u00e7in l\u00fctfen <strong>memtek@itu.edu.tr<\/strong> mail adresine yaz\u0131n\u0131z.<\/p>\n<p><img loading=\"lazy\" decoding=\"async\" class=\"alignnone wp-image-7540 size-medium\" src=\"https:\/\/memtek.ilet.com.tr\/wp-content\/uploads\/2023\/08\/R5-300x225.jpg\" alt=\"\" width=\"300\" height=\"225\" srcset=\"https:\/\/mem-tek.org\/wp-content\/uploads\/2023\/08\/R5-300x225.jpg 300w, https:\/\/mem-tek.org\/wp-content\/uploads\/2023\/08\/R5-1024x768.jpg 1024w, https:\/\/mem-tek.org\/wp-content\/uploads\/2023\/08\/R5-768x576.jpg 768w, https:\/\/mem-tek.org\/wp-content\/uploads\/2023\/08\/R5-1536x1152.jpg 1536w, https:\/\/mem-tek.org\/wp-content\/uploads\/2023\/08\/R5.jpg 2048w\" sizes=\"auto, (max-width: 300px) 100vw, 300px\" \/> <img loading=\"lazy\" decoding=\"async\" class=\"alignnone size-medium wp-image-7541\" src=\"https:\/\/memtek.ilet.com.tr\/wp-content\/uploads\/2023\/08\/Q1-kopyasc-300x224.jpg\" alt=\"\" width=\"300\" height=\"224\" srcset=\"https:\/\/mem-tek.org\/wp-content\/uploads\/2023\/08\/Q1-kopyasc-300x224.jpg 300w, https:\/\/mem-tek.org\/wp-content\/uploads\/2023\/08\/Q1-kopyasc-768x572.jpg 768w, https:\/\/mem-tek.org\/wp-content\/uploads\/2023\/08\/Q1-kopyasc.jpg 903w\" sizes=\"auto, (max-width: 300px) 100vw, 300px\" \/><\/p>\n","protected":false},"excerpt":{"rendered":"<p>Otopsi tan\u0131sal ama\u00e7l\u0131 yap\u0131lan kimyasal ve fiziksel bir incelemedir. Eski grek\u00e7ede kendi manas\u0131ndaki \u201cauto\u201d ve g\u00f6rme manas\u0131ndaki \u201cpsi\u201d kelimelerinden t\u00fcretilmi\u015ftir. \u00d6l\u00fcmlerin sebeplerinin ara\u015ft\u0131r\u0131lmas\u0131ndan a\u015fina oldu\u011fumuz otopsi i\u015flemi membran filtreler ve sistemler i\u00e7inde benzer bir manada kullan\u0131lmaktad\u0131r. Kullan\u0131m \u00f6mr\u00fcn\u00fc doldurmu\u015f veya \u00e7e\u015fitli sebeplerden kullan\u0131lamaz hale gelen membran filtrelerde \u201c\u00f6l\u00fcm\u201d sebebini belirlemek i\u00e7in kimyasal ve fiziksel analizler [&hellip;]<\/p>\n","protected":false},"author":1,"featured_media":0,"parent":0,"menu_order":0,"comment_status":"closed","ping_status":"closed","template":"","meta":{"footnotes":""},"class_list":["post-161","page","type-page","status-publish","hentry"],"_links":{"self":[{"href":"https:\/\/mem-tek.org\/index.php\/wp-json\/wp\/v2\/pages\/161","targetHints":{"allow":["GET"]}}],"collection":[{"href":"https:\/\/mem-tek.org\/index.php\/wp-json\/wp\/v2\/pages"}],"about":[{"href":"https:\/\/mem-tek.org\/index.php\/wp-json\/wp\/v2\/types\/page"}],"author":[{"embeddable":true,"href":"https:\/\/mem-tek.org\/index.php\/wp-json\/wp\/v2\/users\/1"}],"replies":[{"embeddable":true,"href":"https:\/\/mem-tek.org\/index.php\/wp-json\/wp\/v2\/comments?post=161"}],"version-history":[{"count":3,"href":"https:\/\/mem-tek.org\/index.php\/wp-json\/wp\/v2\/pages\/161\/revisions"}],"predecessor-version":[{"id":7545,"href":"https:\/\/mem-tek.org\/index.php\/wp-json\/wp\/v2\/pages\/161\/revisions\/7545"}],"wp:attachment":[{"href":"https:\/\/mem-tek.org\/index.php\/wp-json\/wp\/v2\/media?parent=161"}],"curies":[{"name":"wp","href":"https:\/\/api.w.org\/{rel}","templated":true}]}}