{"id":8577,"date":"2025-03-05T08:17:04","date_gmt":"2025-03-05T08:17:04","guid":{"rendered":"https:\/\/mem-tek.org\/?page_id=8577"},"modified":"2025-03-05T08:18:08","modified_gmt":"2025-03-05T08:18:08","slug":"ongoing-projects","status":"publish","type":"page","link":"https:\/\/mem-tek.org\/index.php\/en\/ongoing-projects\/","title":{"rendered":"Ongoing Projects"},"content":{"rendered":"\n<p><span style=\"color: black;\"><b><strong>Ongoing projects in MEM-TEK<\/strong><\/b><br><\/span><\/p>\n\n\n\n<figure class=\"wp-block-table is-style-stripes\"><table><tbody><tr><th><p style=\"font-size: medium;\"><span style=\"color: black;\"><strong><strong>Project Name<\/strong><\/strong><\/span><\/p><\/th><th><p style=\"font-size: medium;\"><span style=\"color: black;\"><strong><strong>Supporting Institutions\/Program<\/strong><\/strong><\/span><span style=\"font-size: 18px;\"><\/span><\/p><\/th><th><p style=\"font-size: medium;\"><span style=\"color: black;\"><b><strong><strong>Project Duration<\/strong><\/strong><\/b><\/span><\/p><\/th><\/tr><tr><td>CUMER\u0130 Customised membranes for green and resilient industries<\/td><td>AB<\/td><td>2023-2025<\/td><\/tr><tr><td>Ters Osmoz&nbsp;Membranlar\u0131nda Biyot\u0131kanma&nbsp;Kontrol\u00fc Amac\u0131yla&nbsp;Biyokatalitik&nbsp;Membran&nbsp;\u00dcretimi&nbsp;<\/td><td>T\u00dcB\u0130TAK<\/td><td>2023-2025<\/td><\/tr><tr><td>K\u00f6m\u00fcr&nbsp;K\u00fcllerinden&nbsp;ve&nbsp;K\u00f6m\u00fcr&nbsp;Y\u0131kama At\u0131klar\u0131ndan&nbsp;Nadir&nbsp;Toprak&nbsp;Elementlerinin Kazan\u0131m\u0131<\/td><td>TENMAK<\/td><td>2022-2024<\/td><\/tr><tr><td>Hava Ayr\u0131m\u0131 i\u00e7in Siloksan Yap\u0131l\u0131&nbsp;Polibenzoksazin&nbsp;ile \u0130\u00e7i Bo\u015f Fiber Membranlar\u0131n Geli\u015ftirilmesi<\/td><td>\u0130T\u00dc <\/td><td>2024-2026<\/td><\/tr><tr><td>Tekstil End\u00fcstrisi At\u0131ksular\u0131nda S\u0131f\u0131r De\u015farjl\u0131 Hibrid Membran Sistemi ile Su ve Kimyasal Geri Kazan\u0131m\u0131n\u0131n Ara\u015ft\u0131r\u0131lmas\u0131<\/td><td>\u0130T\u00dc&amp;Y\u00d6K Yetkin Alan Projesi (YAP)<\/td><td>2022-2024<\/td><\/tr><tr><td>G\u00fcbre Tahrikli \u0130leri Osmoz Sayesinde Fonksiyonland\u0131r\u0131lm\u0131\u015f Hidrojellerin Ekolojik ve Ak\u0131ll\u0131 Tar\u0131mda Uygulanabilirli\u011finin Ara\u015ft\u0131r\u0131lmas\u0131<\/td><td>T\u00dcB\u0130TAK<\/td><td>2022-2025<\/td><\/tr><\/tbody><\/table><\/figure>\n\n\n\n<p><\/p>\n","protected":false},"excerpt":{"rendered":"<p>Ongoing projects in MEM-TEK Project Name Supporting Institutions\/Program Project Duration CUMER\u0130 Customised membranes for green and resilient industries AB 2023-2025 Ters Osmoz&nbsp;Membranlar\u0131nda Biyot\u0131kanma&nbsp;Kontrol\u00fc Amac\u0131yla&nbsp;Biyokatalitik&nbsp;Membran&nbsp;\u00dcretimi&nbsp; T\u00dcB\u0130TAK 2023-2025 K\u00f6m\u00fcr&nbsp;K\u00fcllerinden&nbsp;ve&nbsp;K\u00f6m\u00fcr&nbsp;Y\u0131kama At\u0131klar\u0131ndan&nbsp;Nadir&nbsp;Toprak&nbsp;Elementlerinin Kazan\u0131m\u0131 TENMAK 2022-2024 Hava Ayr\u0131m\u0131 i\u00e7in Siloksan Yap\u0131l\u0131&nbsp;Polibenzoksazin&nbsp;ile \u0130\u00e7i Bo\u015f Fiber Membranlar\u0131n Geli\u015ftirilmesi \u0130T\u00dc 2024-2026 Tekstil End\u00fcstrisi At\u0131ksular\u0131nda S\u0131f\u0131r De\u015farjl\u0131 Hibrid Membran Sistemi ile Su ve Kimyasal [&hellip;]<\/p>\n","protected":false},"author":1,"featured_media":0,"parent":0,"menu_order":0,"comment_status":"closed","ping_status":"closed","template":"","meta":{"footnotes":""},"class_list":["post-8577","page","type-page","status-publish","hentry"],"_links":{"self":[{"href":"https:\/\/mem-tek.org\/index.php\/wp-json\/wp\/v2\/pages\/8577","targetHints":{"allow":["GET"]}}],"collection":[{"href":"https:\/\/mem-tek.org\/index.php\/wp-json\/wp\/v2\/pages"}],"about":[{"href":"https:\/\/mem-tek.org\/index.php\/wp-json\/wp\/v2\/types\/page"}],"author":[{"embeddable":true,"href":"https:\/\/mem-tek.org\/index.php\/wp-json\/wp\/v2\/users\/1"}],"replies":[{"embeddable":true,"href":"https:\/\/mem-tek.org\/index.php\/wp-json\/wp\/v2\/comments?post=8577"}],"version-history":[{"count":3,"href":"https:\/\/mem-tek.org\/index.php\/wp-json\/wp\/v2\/pages\/8577\/revisions"}],"predecessor-version":[{"id":8581,"href":"https:\/\/mem-tek.org\/index.php\/wp-json\/wp\/v2\/pages\/8577\/revisions\/8581"}],"wp:attachment":[{"href":"https:\/\/mem-tek.org\/index.php\/wp-json\/wp\/v2\/media?parent=8577"}],"curies":[{"name":"wp","href":"https:\/\/api.w.org\/{rel}","templated":true}]}}