{"id":8586,"date":"2025-03-05T08:23:01","date_gmt":"2025-03-05T08:23:01","guid":{"rendered":"https:\/\/mem-tek.org\/?page_id=8586"},"modified":"2025-03-05T08:24:39","modified_gmt":"2025-03-05T08:24:39","slug":"completed-projects","status":"publish","type":"page","link":"https:\/\/mem-tek.org\/index.php\/en\/completed-projects\/","title":{"rendered":"Completed Projects"},"content":{"rendered":"\n<p><\/p>\n\n\n\n<p><span style=\"color: black;\"><b>Completed projects within MEM-TEK<\/b><br><\/span><\/p>\n\n\n\n<div class=\"wp-block-group\"><div class=\"wp-block-group__inner-container is-layout-constrained wp-block-group-is-layout-constrained\">\n<p><\/p>\n\n\n\n<div class=\"wp-block-group is-vertical is-layout-flex wp-container-core-group-is-layout-8cf370e7 wp-block-group-is-layout-flex\">\n<figure class=\"wp-block-table is-style-stripes\"><table><tbody><tr><th><strong style=\"font-size: medium;\"><span style=\"color: black;\">Project Name<\/span><\/strong><\/th><th class=\"has-text-align-center\" data-align=\"center\"><strong style=\"color: black; font-size: medium;\"><strong style=\"font-size: medium;\"><span style=\"color: black;\">Supporting Institutions\/Program<\/span><\/strong><\/strong><\/th><th><p style=\"font-size: medium;\"><span style=\"color: black;\"><b><strong style=\"font-size: medium;\"><span style=\"color: black;\">Project Duration<\/span><\/strong><\/b><\/span><span style=\"font-size: 18px;\"><\/span><\/p><\/th><th class=\"has-text-align-center\" data-align=\"center\"><p style=\"font-size: medium;\"><strong><span style=\"color: black;\"><strong style=\"font-size: medium;\"><span style=\"color: black;\">Project Manager<\/span><\/strong><\/span><\/strong><\/p><\/th><\/tr><tr><td>End\u00fcstriyel ve Kentsel At\u0131ksular\u0131n Mbr ile Ar\u0131t\u0131m\u0131nda Quorum Quenching Mekanizmas\u0131n\u0131n Pilot \u00d6l\u00e7ekte Uygulanabilirli\u011finin&nbsp;Ara\u015ft\u0131r\u0131lmas\u0131<\/td><td class=\"has-text-align-center\" data-align=\"center\">T\u00dcB\u0130TAK<\/td><td>2021-2024<\/td><td class=\"has-text-align-center\" data-align=\"center\">Do\u00e7. Dr. B\u00f6rte K\u00f6se Mutlu<\/td><\/tr><tr><td>Digitalisation of water industry by innovative graduate water education: DIGIWATER<\/td><td class=\"has-text-align-center\" data-align=\"center\">European Commission Erasmus+<\/td><td>2021-2024<\/td><td class=\"has-text-align-center\" data-align=\"center\">Prof. Dr. \u0130smail Koyuncu<\/td><\/tr><tr><td><p>Removal of obstacles in widespread application of membrane technology: Toward smart water management in future cities<\/p><\/td><td class=\"has-text-align-center\" data-align=\"center\">Concert Japan Join Project &#8211; T\u00dcB\u0130TAK<\/td><td>2020-2022<\/td><td class=\"has-text-align-center\" data-align=\"center\">Prof. Dr. \u0130smail Koyuncu<\/td><\/tr><tr><td>COVID-19 Pandemisinde At\u0131ksularda SARS-CoV-2 ve Antiviral \u0130la\u00e7 Varl\u0131\u011f\u0131n\u0131n \u0130zlenmesi ve Ekotoksikolojik Etkilerinin Ara\u015ft\u0131r\u0131lmas\u0131<\/td><td class=\"has-text-align-center\" data-align=\"center\">\u0130T\u00dc Genel Ara\u015ft\u0131rma Projesi (GAP)<\/td><td>2021-2023<\/td><td class=\"has-text-align-center\" data-align=\"center\">Dr. Bahar Yavuzt\u00fcrk G\u00fcl <\/td><\/tr><tr><td>End\u00fcstriyel At\u0131ksulardan K\u0131ymetli Metallerin Geri Kazan\u0131m\u0131 i\u00e7in Polimer \u0130\u00e7eren Membranlar\u0131n \u00dcretimi ve Uygulanmas\u0131<\/td><td class=\"has-text-align-center\" data-align=\"center\">\u0130T\u00dc Disiplinleraras\u0131 Ara\u015ft\u0131rma Projesi (DAP)<\/td><td>2021-2023<\/td><td class=\"has-text-align-center\" data-align=\"center\">Do\u00e7.Dr. Bihter Zeytuncu G\u00f6ko\u011flu<\/td><\/tr><tr><td>Ven\u00f6z D\u00f6n\u00fc\u015fe \u0130mplant Edilebilen Ak\u0131ll\u0131 Prototip Kan Oksijenat\u00f6r\u00fcn\u00fcn Tasar\u0131m\u0131 ve Performans\u0131n\u0131 Etkileyen Fakt\u00f6rlerin Belirlenmesi<\/td><td class=\"has-text-align-center\" data-align=\"center\">T\u00dcB\u0130TAK<\/td><td>2020-2023<\/td><td class=\"has-text-align-center\" data-align=\"center\">Prof. Dr. Kerem Pekkan<\/td><\/tr><tr><td>Nadir Toprak Elementlerinin Do\u011fal Kaynaklardan, At\u0131k ve At\u0131ksulardan Membran Prosesler ile Geri Kazan\u0131m\u0131<\/td><td class=\"has-text-align-center\" data-align=\"center\">T\u00dcB\u0130TAK<\/td><td>2018-2021<\/td><td class=\"has-text-align-center\" data-align=\"center\">Prof. Dr. \u0130smail Koyuncu<\/td><\/tr><tr><td>ET\u0130 Maden \u0130\u015fletmeleri Emet Bor \u0130\u015fletme M\u00fcd\u00fcrl\u00fc\u011f\u00fc Sahas\u0131nda \u00dcretilen Bor \u0130\u00e7eren Sular\u0131n Ar\u0131t\u0131labilirlik \u00c7al\u0131\u015fmalar\u0131<\/td><td class=\"has-text-align-center\" data-align=\"center\">ET\u0130 Maden Genel M\u00fcd\u00fcrl\u00fc\u011f\u00fc<\/td><td>2018-2019<\/td><td class=\"has-text-align-center\" data-align=\"center\">Prof. Dr. \u0130smail Koyuncu<\/td><\/tr><tr><td>\u0130STA\u00c7 K\u00f6m\u00fcrc\u00fcoda S\u0131z\u0131nt\u0131 Suyu Ar\u0131tma Tesisi Performans\u0131n\u0131n \u0130yile\u015ftirilmesi Ar-Ge Projesi<\/td><td class=\"has-text-align-center\" data-align=\"center\">\u0130STA\u00c7 Genel M\u00fcd\u00fcrl\u00fc\u011f\u00fc<\/td><td>2018-2019<\/td><td class=\"has-text-align-center\" data-align=\"center\">Prof. Dr. \u0130smail Koyuncu<\/td><\/tr><tr><td>Geotermal Sulardan Bor Giderimi \u0130\u00e7in Yenilik\u00e7i Hidrofobik Membranlar\u0131n \u00dcretimi ve Geli\u015ftirilecek Farkl\u0131 Membran Distilasyonu Konfig\u00fcrasyonlar\u0131nda Uygulanmas\u0131<\/td><td class=\"has-text-align-center\" data-align=\"center\">T\u00dcB\u0130TAK<\/td><td>2016-2018<\/td><td class=\"has-text-align-center\" data-align=\"center\">Prof. Dr. \u0130smail Koyuncu<\/td><\/tr><tr><td>Organize Sanayi B\u00f6lgesi At\u0131ksular\u0131n\u0131n Yeniden Kullan\u0131m\u0131 i\u00e7in Membranl\u0131 Ar\u0131tma Sistemlerinin Konvansiyonel Sistemlerle Kar\u015f\u0131la\u015ft\u0131r\u0131lmas\u0131<\/td><td class=\"has-text-align-center\" data-align=\"center\">T\u00dcB\u0130TAK<\/td><td>2015-2018<\/td><td class=\"has-text-align-center\" data-align=\"center\">&nbsp;<\/td><\/tr><tr><td>Y\u00fcksek Alkali \u00d6zelli\u011fe Sahip End\u00fcstriyel At\u0131ksulardan Kimyasal Madde ve Su Geri Kazan\u0131m\u0131 i\u00e7in Seramik Membranlar\u0131n \u00dcretimi ve Uygulanmas\u0131<\/td><td class=\"has-text-align-center\" data-align=\"center\">T\u00dcB\u0130TAK<\/td><td>2015-2018<\/td><td class=\"has-text-align-center\" data-align=\"center\">Prof. Dr. Kadir Alp<\/td><\/tr><tr><td>Akaryak\u0131t Depolama Tesislerinde Olu\u015fan At\u0131ksular\u0131n Geri Kazan\u0131m\u0131 \u0130\u00e7in S\u0131f\u0131r De\u015farj Yakla\u015f\u0131ml\u0131 Ar\u0131tma Teknolojilerinin Geli\u015ftirilmesi<\/td><td class=\"has-text-align-center\" data-align=\"center\">TEYDEB<\/td><td>2015-2016<\/td><td class=\"has-text-align-center\" data-align=\"center\">&nbsp;<\/td><\/tr><tr><td>Alkali ve Boyar Madde \u0130\u00e7eren End\u00fcstriyel At\u0131ksularda Membran Teknolojisi ile Su ve Kimyasal Maddelerin Geri Kazan\u0131m\u0131, 113Y371 nolu proje<\/td><td class=\"has-text-align-center\" data-align=\"center\">T\u00dcB\u0130TAK<\/td><td>2014-2017<\/td><td class=\"has-text-align-center\" data-align=\"center\">Yrd. Do\u00e7. Dr. Serkan \u00dcnal<\/td><\/tr><tr><td>Tekstil at\u0131ksular\u0131n\u0131n membran teknolojiler ile ar\u0131t\u0131m\u0131 ve geri kullan\u0131m\u0131 ve membran konsantrelerinin fiziksel\/kimyasal metotlar ile uzakla\u015ft\u0131r\u0131lmas\u0131, 114Y409 nolu proje<\/td><td class=\"has-text-align-center\" data-align=\"center\">T\u00dcB\u0130TAK-MHESR i\u015fbirli\u011fi<\/td><td>2014-2017<\/td><td class=\"has-text-align-center\" data-align=\"center\">Prof. Dr. \u0130smail Koyuncu<\/td><\/tr><tr><td>Nanokompozit \u0130nce Bo\u015fluklu (Hollow) Fiber (HF) Nanofiltrasyon (NF) Membranlar\u0131n\u0131n \u00dcretimi ve<br>\u0130\u00e7me Suyu Ar\u0131t\u0131m\u0131 \u0130\u00e7in Uygulanmas\u0131, 113Y359 nolu proje<\/td><td class=\"has-text-align-center\" data-align=\"center\">T\u00dcB\u0130TAK<\/td><td>2014-2017<\/td><td class=\"has-text-align-center\" data-align=\"center\">Yrd. Do\u00e7. Dr. Esra Ate\u015f Genceli<\/td><\/tr><tr><td>Study on hydraulic factors in membrane bioreactors controlled by quorum quenching technology<\/td><td class=\"has-text-align-center\" data-align=\"center\">T\u00dcB\u0130TAK-NRF i\u015fbirli\u011fi<\/td><td>2014-2017<\/td><td class=\"has-text-align-center\" data-align=\"center\">Prof. Dr. \u0130smail Koyuncu<\/td><\/tr><tr><td>Yeni Nesil \u0130leri Osmoz (\u0130O) ve D\u00fc\u015f\u00fck Bas\u0131n\u00e7l\u0131 Ters Osmoz (TO) Desalinasyon Membranlar\u0131n\u0131n \u00dcretilmesi, Mod\u00fcl Haline Getirilmesi ve \u0130\u00e7me Suyu Eldesinde Kullan\u0131lmas\u0131<\/td><td class=\"has-text-align-center\" data-align=\"center\">T\u00dcB\u0130TAK<\/td><td>2014-2017<\/td><td class=\"has-text-align-center\" data-align=\"center\">Prof. Dr. \u0130zzet \u00d6zt\u00fcrk&nbsp;<\/td><\/tr><tr><td>Y\u00fcksek Performansl\u0131 \u0130leri Osmoz Membran\u0131 \u00dcretimi ve Bu Membranlar ile Ger\u00e7ek At\u0131ksu Ar\u0131t\u0131m<br>Performanslar\u0131n\u0131n Belirlenmesi, 113Y340 nolu proje<\/td><td class=\"has-text-align-center\" data-align=\"center\">T\u00dcB\u0130TAK<\/td><td>2014-2016<\/td><td class=\"has-text-align-center\" data-align=\"center\">Yrd. Do\u00e7. Dr. Murat Eyvaz<\/td><\/tr><tr><td>MBR\u2019larda T\u0131kanma Kontrol\u00fc i\u00e7in Yenilik\u00e7i Membran Mod\u00fcl\u00fc \u00dcretimi, 113Y241 nolu proje<\/td><td class=\"has-text-align-center\" data-align=\"center\">T\u00dcB\u0130TAK<\/td><td>2014-2016<\/td><td class=\"has-text-align-center\" data-align=\"center\">Do\u00e7. Dr. Osman Atilla Ar\u0131kan<\/td><\/tr><tr><td>Membran Sistemlerinin Ev Tipi Y\u0131kay\u0131c\u0131lara Entegre Edilmesi Ve Su Yumu\u015fatma Amac\u0131yla Kullan\u0131m\u0131<\/td><td class=\"has-text-align-center\" data-align=\"center\">T\u00dcB\u0130TAK<\/td><td>2014-2016<\/td><td class=\"has-text-align-center\" data-align=\"center\">&nbsp;<\/td><\/tr><tr><td>Farkl\u0131 Polimerler Kullan\u0131larak D\u00fcz-Plaka Membran ve Mod\u00fcl \u00dcretimi, 1481 nolu proje<\/td><td class=\"has-text-align-center\" data-align=\"center\">SANTEZ<\/td><td>2013-2015<\/td><td class=\"has-text-align-center\" data-align=\"center\">Prof. Dr. \u0130smail Koyuncu<\/td><\/tr><tr><td>Su ve At\u0131ksu Ar\u0131t\u0131m\u0131 i\u00e7in Yenilik\u00e7i Membran Mod\u00fcl\u00fc \u00dcretimi<\/td><td class=\"has-text-align-center\" data-align=\"center\">\u0130STANBUL KALKINMA AJANSI<\/td><td>2013-2014<\/td><td class=\"has-text-align-center\" data-align=\"center\">Prof. Dr. \u0130smail Koyuncu<\/td><\/tr><tr><td>Quorum Quenching Energy Saving Technology in Membrane Bioreactor for Wastewater Reuse to Cope with Global Water Scarcity.\u201d 112M739 nolu proje<\/td><td class=\"has-text-align-center\" data-align=\"center\">T\u00dcB\u0130TAK<\/td><td>2012-2014<\/td><td class=\"has-text-align-center\" data-align=\"center\">Prof. Dr. \u0130smail Koyuncu<\/td><\/tr><tr><td>Su ve At\u0131ksu Ar\u0131t\u0131m\u0131nda Kullan\u0131lan Membranlarda Biyokirlenmeyi \u00d6nleyen Yeni Metodlar\u0131n Geli\u015ftirilmesi ve Uygulanmas\u0131\u201d, 111Y275 nolu proje<\/td><td class=\"has-text-align-center\" data-align=\"center\">T\u00dcB\u0130TAK<\/td><td>2012-2014<\/td><td class=\"has-text-align-center\" data-align=\"center\">Prof. Dr. S\u00fcleyman \u00d6vez<\/td><\/tr><tr><td>Biyokirlenmeye Diren\u00e7li Nanomateryaller ile \u00dcretilen Polimerik Membranlar\u0131n Geli\u015ftirilmesi ve Membran Biyoreakt\u00f6rlerde Uygulanmas\u0131, 111Y095 nolu proje<\/td><td class=\"has-text-align-center\" data-align=\"center\">T\u00dcB\u0130TAK<\/td><td>2012-2014<\/td><td class=\"has-text-align-center\" data-align=\"center\">Do\u00e7. Dr. Derya \u0130mer<\/td><\/tr><tr><td>Nanokompozit Polimerik Membranlar\u0131n \u0130\u00e7me Suyu Ar\u0131t\u0131m\u0131nda Kullan\u0131lmas\u0131, 110Y214 nolu proje<\/td><td class=\"has-text-align-center\" data-align=\"center\">T\u00dcB\u0130TAK<\/td><td>2012-2014<\/td><td class=\"has-text-align-center\" data-align=\"center\">Prof. Dr. Vedat Uyak<\/td><\/tr><tr><td>Organik Kat\u0131 At\u0131k ve At\u0131ksulardan Anaerobik Biyomembran ile Biyohidrojen \u00dcretimi, 110Y026 nolu proje<\/td><td class=\"has-text-align-center\" data-align=\"center\">T\u00dcB\u0130TAK<\/td><td>2012-2014<\/td><td class=\"has-text-align-center\" data-align=\"center\">Yrd. Do\u00e7. Dr. Mahmut Alt\u0131nba\u015f<\/td><\/tr><tr><td>Tekstil At\u0131ksular\u0131ndan E\u015f Zamanl\u0131 Toksik Organik Madde ve Azot Giderimi \u0130\u00e7in Yeni Bir Yakla\u015f\u0131m: Membran Biyofilm Reakt\u00f6r (MBfR) 111Y083 nolu proje<\/td><td class=\"has-text-align-center\" data-align=\"center\">T\u00dcB\u0130TAK<\/td><td>2012-2014<\/td><td class=\"has-text-align-center\" data-align=\"center\">Do\u00e7. Dr. Nadir Dizge<\/td><\/tr><tr><td>Karbon Nanot\u00fcp Katk\u0131l\u0131 Polimerik \u0130leri Ozmoz Membranlar\u0131n Geli\u015ftirilmesi Ve Deniz Suyu Tuzsuzla\u015ft\u0131r\u0131lmas\u0131 \u0130\u00e7in Uygulanmas\u0131, 111R012 nolu proje<\/td><td class=\"has-text-align-center\" data-align=\"center\">T\u00dcB\u0130TAK<\/td><td>2012-2014<\/td><td class=\"has-text-align-center\" data-align=\"center\">Dr. Evrim \u00c7elik<\/td><\/tr><tr><td>Mikroalg K\u00fclt\u00fcr\u00fcn\u00fcn S\u00fcrd\u00fcr\u00fclebilir Enerji \u00dcretimi ve Sera Gaz\u0131 Mitigasyonunda Kullan\u0131m\u0131<\/td><td class=\"has-text-align-center\" data-align=\"center\">SANTEZ<\/td><td>2012-2014<\/td><td class=\"has-text-align-center\" data-align=\"center\">Do\u00e7. Dr. Bestami \u00d6zkaya<\/td><\/tr><tr><td>Yeni Geli\u015ftirilen \u00c7apraz Ak\u0131\u015fl\u0131 \u00c7oklu T\u00fcp Mikrobiyal Yak\u0131t H\u00fccresi (Um2fc) ile Evsel At\u0131ksu Ak\u0131m\u0131ndan Elektrik Enerjisi \u00dcretimi, 111Y252 nolu Proje<\/td><td class=\"has-text-align-center\" data-align=\"center\">T\u00dcB\u0130TAK<\/td><td>2012-2014<\/td><td class=\"has-text-align-center\" data-align=\"center\">&#8211;<\/td><\/tr><tr><td>Industrial Wastewater Reuse in Textile Industry by Application of Appropriate Membrane Treatment Technology and Investigating Pre-treatment Methods, Fouling Phenomenon, and Cleaning of Fouled Membranes, \u0130kili \u0130\u015fbirli\u011fi Projesi (University of Stuttgart ile birlikte)<\/td><td class=\"has-text-align-center\" data-align=\"center\">T\u00dcB\u0130TAK<\/td><td>2009-2012<\/td><td class=\"has-text-align-center\" data-align=\"center\">&#8211;<\/td><\/tr><tr><td>Petrol ve Do\u011fal Gaz \u00dcretim At\u0131ksular\u0131n\u0131n Y\u00f6netimi, 1007 Projesi, M\u00fc\u015fteri kurum: TPAO<\/td><td class=\"has-text-align-center\" data-align=\"center\">T\u00dcB\u0130TAK<\/td><td>2008-2011<\/td><td class=\"has-text-align-center\" data-align=\"center\">&#8211;<\/td><\/tr><tr><td>Bat\u0131k Membran Sistemler\u0131 ile \u0130\u00e7me Suyu Ar\u0131t\u0131m\u0131: Membran T\u0131kanmas\u0131n\u0131n Azalt\u0131lmas\u0131 \u0130\u00e7in Yeni Y\u00f6ntemler, 1001 Projesi<\/td><td class=\"has-text-align-center\" data-align=\"center\">T\u00dcB\u0130TAK<\/td><td>2007-2010<\/td><td class=\"has-text-align-center\" data-align=\"center\">&#8211;<\/td><\/tr><\/tbody><\/table><\/figure>\n<\/div>\n<\/div><\/div>\n","protected":false},"excerpt":{"rendered":"<p>Completed projects within MEM-TEK Project Name Supporting Institutions\/Program Project Duration Project Manager End\u00fcstriyel ve Kentsel At\u0131ksular\u0131n Mbr ile Ar\u0131t\u0131m\u0131nda Quorum Quenching Mekanizmas\u0131n\u0131n Pilot \u00d6l\u00e7ekte Uygulanabilirli\u011finin&nbsp;Ara\u015ft\u0131r\u0131lmas\u0131 T\u00dcB\u0130TAK 2021-2024 Do\u00e7. Dr. B\u00f6rte K\u00f6se Mutlu Digitalisation of water industry by innovative graduate water education: DIGIWATER European Commission Erasmus+ 2021-2024 Prof. Dr. \u0130smail Koyuncu Removal of obstacles in widespread [&hellip;]<\/p>\n","protected":false},"author":1,"featured_media":0,"parent":0,"menu_order":0,"comment_status":"closed","ping_status":"closed","template":"","meta":{"footnotes":""},"class_list":["post-8586","page","type-page","status-publish","hentry"],"_links":{"self":[{"href":"https:\/\/mem-tek.org\/index.php\/wp-json\/wp\/v2\/pages\/8586","targetHints":{"allow":["GET"]}}],"collection":[{"href":"https:\/\/mem-tek.org\/index.php\/wp-json\/wp\/v2\/pages"}],"about":[{"href":"https:\/\/mem-tek.org\/index.php\/wp-json\/wp\/v2\/types\/page"}],"author":[{"embeddable":true,"href":"https:\/\/mem-tek.org\/index.php\/wp-json\/wp\/v2\/users\/1"}],"replies":[{"embeddable":true,"href":"https:\/\/mem-tek.org\/index.php\/wp-json\/wp\/v2\/comments?post=8586"}],"version-history":[{"count":4,"href":"https:\/\/mem-tek.org\/index.php\/wp-json\/wp\/v2\/pages\/8586\/revisions"}],"predecessor-version":[{"id":8591,"href":"https:\/\/mem-tek.org\/index.php\/wp-json\/wp\/v2\/pages\/8586\/revisions\/8591"}],"wp:attachment":[{"href":"https:\/\/mem-tek.org\/index.php\/wp-json\/wp\/v2\/media?parent=8586"}],"curies":[{"name":"wp","href":"https:\/\/api.w.org\/{rel}","templated":true}]}}